 = 95. What is the tens digit of 422/7 - h/(-70)?
6
Let u = -32 - -41. Let k be 346/3 - (42/u)/(-7). Suppose 2*j - 2*n - k = 0, -j + 64 = -n + 2*n. What is the tens digit of j?
6
Let r = 67183 + -42386. What is the ten thousands digit of r?
2
Suppose -1658677 + 197987 = -60*b + 104710. What is the tens digit of b?
9
Let k = 431 + -3401. Let x(b) = -b**2 + 22*b + 46. Let m be x(24). What is the tens digit of (k/21)/m - (-10)/35?
7
Let i(k) = -9*k + 41. Let p be i(5). What is the tens digit of -4 + 427 + (-3 - p) + -5?
1
Let g(c) = 28 - 6*c + 45 + 34*c + 20*c. What is the hundreds digit of g(6)?
3
Let j = -7200 + 7689. What is the tens digit of j?
8
Let y(w) = -16*w - 8. Let v(q) = -q. Let f be -4 + (-5)/((-20)/32). Let a(g) = f*v(g) + y(g). What is the hundreds digit of a(-6)?
1
Let d be ((-17)/4)/((-1)/8). Suppose i - 24 = 2*b - i, -4*b - 3*i = d. What is the tens digit of 4/b*(-3 + -2)*58?
1
Let r be 14/(-147) + (-1266)/(-63). Suppose -a - r*x = -15*x - 934, 943 = a + 2*x. What is the units digit of a?
9
Let r be 6*(-3 - 42/(-9)). Let s be (-34)/r - 0 - (-2)/5. What is the hundreds digit of (-3545)/(-20) + s/(-4)?
1
Suppose 3*j - 21 = -3*g, -2*g + 6 = -4. Suppose -5*n + 220 = -j*h - 2278, 0 = 2*n + 4*h - 980. What is the tens digit of n?
9
Let o = 10771 + -1687. Suppose -6*p + o = 1626. What is the tens digit of p?
4
Suppose -52 = 3*w - w. Let m be 3 + 2 + -5 + 50. Let z = m + w. What is the tens digit of z?
2
What is the thousands digit of ((-3)/(-9))/((203/(-119868))/(-29))?
5
Let l be -10*(-299)/2 - -1. Suppose -g = 4*x - 3593, -l = 5*x - 3*g - 5966. What is the units digit of 1/(-2) + x/6?
9
Let z be (1*-15)/(18/(-318)). Let o = z + -50. What is the tens digit of o?
1
Let n be (2931/18*9)/(3/10). Suppose 4*y - 2675 = -5*p + 2218, -4*y = -3*p - n. What is the units digit of y?
2
Let a = 7493 + 13372. What is the tens digit of a?
6
Let b = -230 + 252. Suppose -b*v - 12738 = -44*v. What is the units digit of v?
9
Let q be 6 + (40/(-18) - 8/(-36)). What is the units digit of 5*(5 - q)*-1 - -654?
9
Suppose 0 = -21*b + 640851 + 395289. What is the units digit of b?
0
Suppose -13*g + 86*g + 35*g = 4123548. What is the hundreds digit of g?
1
Let l(b) = 41*b**2 + 78*b + 166. What is the tens digit of l(15)?
6
Let z = -35217 + 124445. What is the hundreds digit of z?
2
Let m(t) = -13*t - 86. Suppose -2*i + 570 = -32*i. What is the hundreds digit of m(i)?
1
Let d(w) be the second derivative of 2*w**4/3 - 23*w**2/2 + 33*w. Let f be d(-4). Suppose 2*l + f = 553. What is the tens digit of l?
2
Let b(s) = 114*s**3 - 2*s**2 - 38*s + 155. What is the hundreds digit of b(8)?
0
Let r be (12 - 8) + (-2 - -698). Suppose -7*q = -11*q + r. Let n = -37 + q. What is the hundreds digit of n?
1
Suppose 16 = -4*g + 4*w, -g = -3*w + 6*w - 12. Suppose 2*j - 7*j + 4*i + 1870 = g, j - 5*i = 395. What is the hundreds digit of j?
3
Let x be 8/(-3)*(1155/10)/11. What is the tens digit of x/(-3) + 3 + (-42)/18?
1
Let g = -6295 + 18315. What is the ten thousands digit of g?
1
Let k(q) = -q**3 - 31*q**2 - 2278. What is the thousands digit of k(-41)?
4
Suppose 138 = -10*r + 58. What is the units digit of 1/2*11*(80 - r)?
4
Let b(n) be the third derivative of n**5/5 + n**4/4 - 23*n**3/6 + 119*n**2. What is the units digit of b(-11)?
3
Let g(v) = v + 1. Suppose -3*c - 2*d = -0*d - 18, c + d - 7 = 0. Let s(m) = 34*m**2 - m - 3. Let i(l) = c*g(l) + 2*s(l). What is the tens digit of i(1)?
6
Let z be (1/3*10)/((-3)/(-9)). Let j be (-8440)/(-25) - (0 + (-4)/z). What is the hundreds digit of ((-84)/(-8))/7*j/3?
1
Let a be (24*1)/(1786/356 - 5). Suppose 0*o + 4*o = a. What is the units digit of o?
6
Suppose 0 = 222*r - 169*r - 1382240. What is the ten thousands digit of r?
2
Suppose 1320261 = -120*t + 2748685 + 2399696. What is the thousands digit of t?
1
Let n be 1051/9 - -2*4/36. Suppose -7*b = -639 - n. What is the hundreds digit of b?
1
Suppose 20*r - 15*r = 0. Suppose -t + 6*t + 1305 = r. Let n = t + 426. What is the hundreds digit of n?
1
Suppose 0 = 135*s - 140*s + 10. Suppose -s*v - v - 4*r = -592, 0 = 3*v + r - 607. What is the tens digit of v?
0
Let a(d) be the second derivative of 19*d**3/6 + 4*d**2 - 23*d. Let m be a(3). Let f = m - 52. What is the units digit of f?
3
Let l = 68 + -43. Suppose 6 = -f + 4*i, -2*f + l = i + 1. Suppose f*n + 62 - 272 = 0. What is the units digit of n?
1
Suppose -2*n - 9 = -19. Suppose -4*f + 889 = 2*g + 219, 2*f = -n*g + 339. Suppose 4*t + c = f, 15 = 2*c + 3*c. What is the tens digit of t?
4
Let n(u) = 2*u**3 + 9*u**2 + 2*u - 15. Let o be n(-4). What is the units digit of 4/7 + (-1312)/o - 2?
6
Let h(c) be the second derivative of -c**5/20 - 4*c**4/3 - 13*c**3/6 + 51*c**2/2 - 8*c + 2. What is the hundreds digit of h(-16)?
2
Let a(f) = -f**2 - 12*f + 5. Let d be a(-12). Let g(y) = -4*y + 25. Let q be g(d). Let p(j) = 15*j - 35. What is the units digit of p(q)?
0
Suppose 10*m = 4*y - 27228, -81*y + 27212 = -77*y - 2*m. What is the thousands digit of y?
6
Let z be -5*(-1)/5 + 79. Let v = -3 - -4. What is the units digit of (v*z)/5*4?
4
Let x = -1004 + 10663. What is the thousands digit of x?
9
Suppose 0 = -3*j + 44 + 28. Let x(s) = -1 + 166*s**2 + 2*s**2 + 7*s - 6*s - j*s**2. What is the units digit of x(-1)?
2
Let h(g) = -9*g + 144096 - 144096 - 8*g. Let t be 1/5 - 22/10. What is the units digit of h(t)?
4
Suppose d + 222 = 231. Suppose -10*x = 4*z - d*x - 1248, 3*x = z - 325. What is the tens digit of z?
1
Let r(d) = d**2 + 636 - 648 + 5*d + d + 0*d**2. What is the tens digit of r(16)?
4
Let d be (-139)/2*(30 - 28). Let l = 292 + d. What is the hundreds digit of l?
1
Suppose -51*s + 2605 = -46*s. Let x = 889 + s. What is the hundreds digit of x?
4
Let t(p) = 1274*p - 3591. What is the ten thousands digit of t(20)?
2
Let y(c) = -c**2 - 90*c - 129. Let b be y(-83). Let o be 3135/(-12) - 2/(-8). Let p = b + o. What is the tens digit of p?
9
Let b be 3*16/(-40)*10/(-4). Suppose -18 = -3*u - b, -4*g + 3*u = -1657. What is the tens digit of g?
1
Suppose -6*x + 11419 = 2*h - 11*x, -2*h - 3*x + 11443 = 0. What is the tens digit of h?
1
Let j(h) be the first derivative of -1/4*h**4 + 22 + 14*h - 2*h**2 - h**3. What is the hundreds digit of j(-7)?
2
Let p(h) = h**3 - 24*h**2 - 81*h + 58. Suppose 0 = -61*s + 59*s + 54. What is the units digit of p(s)?
8
Let n = -1 + 3. Suppose 801 = -n*b + 1975. What is the units digit of b?
7
Suppose o = 0, 3*d + 5*o - 13779 = 3*o. What is the units digit of d?
3
Let c(w) be the second derivative of 70*w**3/3 + 60*w**2 - w - 3. What is the tens digit of c(5)?
2
Suppose -4*x - 4*h = 692, -4*x - 3*h = -5*h + 704. Let m = x - -326. Suppose 24*r - m = 23*r. What is the units digit of r?
1
Let u be (2/(-10))/(-1) + (-112)/(-40). Suppose 2*s + u*s = 3720. Suppose 0 = -10*c + 4*c + s. What is the units digit of c?
4
Suppose 84 + 33 = 3*u. Suppose -17 = l - u. What is the tens digit of l?
2
Let q(p) = 8*p - 72. Let v be q(0). Let b = v - -74. Suppose -3*k = -b*w + 276, -4*w - w + 2*k + 712 = 0. What is the units digit of w?
4
Suppose 4 = -t - 1, -t = -4*p + 929. Suppose -2*z + 218 = 4*m - 10, p = 2*z + m. Suppose -7*r + z + 612 = 0. What is the hundreds digit of r?
1
Let m be 3/(81/(-6)) - 20290/(-18). Suppose 0 = -10*k + 233 + m. What is the tens digit of k?
3
Suppose x + f - 203 = 0, -2*x - 8*f + 391 = -3*f. Let z = x - -117. What is the tens digit of z?
2
Suppose 203 - 2228 = 3*r. What is the tens digit of (-11)/(44/(-12)) - (r + 2)?
7
Let b(g) = g**3 + 36*g**2 - 18*g + 34. Let x be (-9)/2*(24/3)/1. What is the hundreds digit of b(x)?
6
Let a(n) = 14*n**3 - 14 + 18*n + 33*n**3 - 2*n**2 - 18 + 64*n**3. What is the tens digit of a(2)?
8
Suppose -83*c + 13*c + 609755 = -1295295. What is the thousands digit of c?
7
Suppose -5*p - 2*j = -6481, 0 = 5*p - 0*p - j - 6487. Suppose -6*g = -2*g + y - 5197, -g + 2*y = -p. What is the thousands digit of g?
1
Let d = 3281 + 570. What is the hundreds digit of d?
8
Suppose -310*x + 90104 = 4*s - 306*x, -3*x - 45057 = -2*s. What is the units digit of s?
7
Let r(n) = 90*n**2 + 7*n + 61. Let q be r(-5). Let v = q + -1475. What is the units digit of v?
1
Let m = 68 - 153. Let a = m + 194. Suppose t = g - a, t - 479 + 33 = -4*g. What is the tens digit of g?
1
Suppose -4*z + c + c = -37810, 